 = -5*x. Let h = 31 + x. Let i = h - 15. Let r(o) = o - 1. Determine r(i).
-5
Let p(r) = r**2 + r - 1. Let x(v) = -5*v**2 - 7*v + 5. Let j(z) = -6*p(z) - x(z). Let w = 1275 + -1271. What is j(w)?
-11
Let v(y) be the second derivative of y**4/12 + y**3/6 - y**2 + 4*y. Let q be 2/(-15) - 34/(-255). Give v(q).
-2
Suppose 4*l = 3*w + 2*w - 14, -2*l = 2*w - 2. Let p(v) = 2*v**2 + v**w - 6*v**3 + 7*v**3 - 6 - 7*v. Suppose t + 6*t = -28. Calculate p(t).
6
Suppose -58 = 3*l + 4*w, -5*w = 2*l + 34 + 14. Let h(y) = y + 16. What is h(l)?
2
Let g(u) = u + 52 + 3*u**2 - 10*u - 42 - 2*u**2. Give g(8).
2
Suppose -112 + 102 = -5*k. Let u(w) be the second derivative of -1/6*w**3 + 0 + 3*w - k*w**2 + 1/12*w**4. Give u(4).
8
Let b(s) = -s**2 + 5*s. Let y be b(4). Let f be (y - 8) + (0 - -2). Let t(x) = -4*x - 4. Let z be t(f). Let i(j) = j**3 - 2*j**2 - 5*j - 2. Calculate i(z).
10
Suppose 4*z + 3*t - 5 = 1, -2*z + 5*t = -16. Let f(o) = -7 - 43*o**3 - o + 87*o**z - 45*o**3 - 6*o**2. Calculate f(-6).
-1
Let y(z) be the third derivative of -z**5/60 + z**3/2 + 2*z**2 - 4. Determine y(-4).
-13
Let p(v) = -2*v + 6. Let q(a) be the second derivative of -a**3/2 + 5*a**2/2 - 4*a. Let t be 1/((2 - 1)/(-4)). Let d(k) = t*p(k) + 3*q(k). Give d(0).
-9
Let r(l) = -2*l**3 - 8*l**2 + 11*l + 14. Let o be r(-5). Let j(q) = -q**3 + 8*q**2 + 13*q - 17. What is j(o)?
19
Let m(d) = -3*d + 6. Suppose 74*s - 69*s - 20 = 0. Determine m(s).
-6
Let z(v) be the third derivative of v**4/12 - v**3/6 - 33*v**2. Let r(l) = -l + 9. Let o be r(4). Suppose -y + 8 = -o*y. Determine z(y).
-5
Suppose -h + 15 = -13. Suppose -2*g + 9 + 7 = -2*a, 5*g - h = a. Suppose 0 = -3*y - 2*y - 15, -g*j = -4*y - 12. Let o(d) = -d - 5. Calculate o(j).
-5
Let o(y) be the first derivative of y**4/4 - 2*y**3 - y**2/2 - 8*y - 100. Calculate o(7).
34
Let i(f) = -11*f - 9. Let g(v) = -5*v - 4. Let h(z) = -13*g(z) + 6*i(z). Let p(j) = 20*j + 11. Let l be p(5). Let x = -116 + l. What is h(x)?
3
Let f(y) be the first derivative of y**3/3 + 5*y**2/2 - 7*y + 3. Let i be 256/10 + (-6)/(-15). Suppose -2 = -4*c - i. What is f(c)?
-1
Suppose -2*f = 90 - 102. Let q(r) = 3*r - 13. Let l(k) = -70*k + 40. Let m(h) = -h. Let x(t) = l(t) - 60*m(t). Let d(u) = -7*q(u) - 2*x(u). What is d(f)?
5
Let p(u) = 14*u - 51*u + 13*u + 10*u + 11*u + 4*u**2 + 2 - u**3. Let n be (-4 + 2)*6/(-4). Calculate p(n).
2
Let a(r) = -3*r**2 - r. Let t(i) = -4*i - 13. Let f be t(-3). Calculate a(f).
-2
Let u(f) = 2*f - 7. Let w be u(7). Suppose -2*r = -w*r - 25. Let m(q) = 2*q + q - 2*q**2 + q**2 - 9*q + 1. What is m(r)?
6
Let k(v) = v**3 - 18*v**2 + 33*v - 17. Let u be k(16). Let d(h) = 13*h**3 - h - 1. What is d(u)?
-13
Suppose -9 = -3*r - 0*r, -k - 2*r = -6. Let x(w) = -w - 1. Let l(a) = a**2 - a + 4. Let u(m) = l(m) - x(m). Determine u(k).
5
Let w(v) = 5 - 1 - 9 - 28 - v. Determine w(0).
-33
Let g(t) = -t**2 + 4. Suppose -3*l = -3*j + 36, 2*l = -0*j - 2*j + 20. Suppose 0*w + z + 10 = 3*w, j = 5*w + 4*z. What is g(w)?
-5
Let d(c) = -34 + 2*c**2 - 30 + 64 + 4*c - c**3. Let v(k) = -4*k**3 - k**2 + k + 1. Let p be v(-1). Determine d(p).
3
Suppose 3*x - 4*u - 7 = 0, 2*x = x - 4*u + 13. Let k(o) = -o - 25. Let n(q) = -7. Let j(v) = 6*k(v) - 22*n(v). Determine j(x).
-26
Let k(v) = 14*v**2 - 13*v**2 - 11*v - 4 - 4 + 4. What is k(9)?
-22
Let k(f) = -f**3 + f**2 - 1. Let s = 301 + -299. Determine k(s).
-5
Let u(n) = -n**2 - 8*n. Let r(t) = t**3 + 18*t**2 + 2*t + 29. Let s be r(-18). What is u(s)?
7
Let o(b) be the third derivative of -b**5/60 - b**4/4 - 3*b**3/2 + 244*b**2. Give o(-6).
-9
Let v(u) = -2*u + 9. Let p(h) = -h. Let x(a) = -3*p(a) + v(a). Let m(o) = o**3 + 9*o**2 - 6*o + 31. Let b be m(-10). Calculate x(b).
0
Let z be 16/(-6)*(9 - 12). Let j(i) = -7*i**2 + 9*i + 11. Let q(o) = -11*o**2 + 14*o + 17. Let d(b) = z*j(b) - 5*q(b). Determine d(3).
0
Let m(t) = t**3 + 3*t**2 - 2*t + 1. Let g be (6/18)/((-1)/9). Let x be m(g). Suppose 2 - x = 5*d. Let o(v) = -5*v. Give o(d).
5
Let d(y) = -3*y**3 + 2*y**2 + y - 1. Let r be d(-1). Suppose -5*h - 7 = -2*n, r*n + 4*h = 8 + 14. Let w(j) = -j + 4. Determine w(n).
-2
Let s(z) = -z**3 - 3*z**2 + 2*z - 5. Let g be 2*-2*(13 - 12). Let o be s(g). Let n(w) = w - 8. Let u(c) = 4*c - 33. Let h(p) = -9*n(p) + 2*u(p). Give h(o).
3
Let f(n) = 10 - 2 + 14510*n**2 + 12*n - 14509*n**2 + 8. Calculate f(-12).
16
Let w(j) = 4*j - 1. Suppose 662 = -2*i + 682. Determine w(i).
39
Let f(j) = -j**2 - 6*j - 4. Let h be (2/(-4))/((-1)/(-6)). Let u(p) = -2*p + 13. Let k be u(5). Let s = h - k. What is f(s)?
-4
Let s(g) = -g**2 + 5*g + 1. Let c be 8 - ((-3)/1 + (6 - 0)). Calculate s(c).
1
Let z = 13 - 17. Let j be (1 + -1 - 1) + z. Let u(t) = 0*t - 2 + 3*t + 0*t + t**2. Calculate u(j).
8
Let h be 6/(-8)*(27 - 31). Let y(m) = m**2 - 6*m + 6. Calculate y(h).
-3
Let t(n) = -3*n**3 - n - 2. Let w(f) = -17*f**3 - f**2 - 4*f - 11. Let j(x) = -11*t(x) + 2*w(x). What is j(2)?
-10
Let k(g) = g**2 + 11*g - 1. Suppose 20*j + 2*i = 18*j - 16, 4*j = i - 47. Calculate k(j).
-1
Let q(j) = j + 1. Let b be q(-3). Let r(k) = -2*k**2 - 3*k - 2. Let a be r(b). Let n(m) = 144*m - 1 - m**3 - 4*m**2 - 146*m + 4 - 2 - 4. Give n(a).
5
Let q be 1 + (-6 - -1) + 2. Let r = -167 - -158. Let m(f) = -f**2 - 9*f + 1. Let t(c) = 4*c**2 + 37*c - 4. Let p(w) = q*t(w) + r*m(w). Give p(-7).
-1
Let q(z) be the first derivative of -2*z**3/3 + z**2/2 + z + 27. Calculate q(2).
-5
Let z(f) = -6*f - 1 + 4*f**2 + 4*f - 2*f**2 - f**2. Let j(w) = -w + 4. Let n be j(0). Determine z(n).
7
Let s(d) = d - 16. Let c be (2 + (-2 - 2))*31. Let h = -54 - c. Give s(h).
-8
Let v(x) be the first derivative of x**2 + 30*x + 103. Give v(-16).
-2
Let v(g) be the first derivative of g**2 + 4*g - 124. Suppose 0*o = -4*o - 16. Calculate v(o).
-4
Suppose -2*t - 2*t + 8 = 0. Let v(p) = -9*p**2 - 35*p + 7. Let r(a) = 4*a**2 + 16*a - 3. Let s(h) = 13*r(h) + 6*v(h). Give s(t).
-9
Let d = 7 - 11. Let m = -9 - d. Let y(i) = 10*i + 14. Let s(f) = -2*f - 2. Let p(v) = 4*s(v) + y(v). What is p(m)?
-4
Suppose 16*d = 10*d + 6. Let r be -4*d + (-14)/7. Let u(o) = -o. Give u(r).
6
Let g(w) = 9*w - 27. Let u(f) = -2*f + 4. Let k(a) = g(a) + 2*u(a). Calculate k(5).
6
Let p(m) = -m + m - 1 - m. Let b be p(-3). Let o(h) = h**3 + 5*h**2 + 0*h**2 - 3*h**2 - b + 3*h**2. What is o(-5)?
-2
Let o = -8 + 13. Suppose 6*a = -o*a - 33. Let n(q) = -q**2 + 2. Determine n(a).
-7
Let z be (0 - (0 + -1))*5. Let q(v) = -25*v**3 - 32*v**2 + v + 1. Let a(x) = 9*x**3 + 11*x**2. Let s(r) = -14*a(r) - 5*q(r). Give s(z).
-5
Let l(f) = f - 4. Suppose 0 = h + 2*c - 2, 0 = 4*h - 0*h + c - 8. Let a be -1*h/3*30/(-10). Determine l(a).
-2
Let n(w) = w**2 + w + 2. Suppose 3*o + 4 + 2 = 5*b, -5*b = o + 22. Let j(p) = -2*p**2 - 2*p - 4. Let x(i) = o*n(i) - 3*j(i). What is x(-2)?
-4
Let r(f) = -2*f**2 + 15*f - 6. Let j be r(7). Let h(s) = 26*s - 25*s - j + 1. Calculate h(2).
2
Let j(a) = 4*a**2 - 3*a. Let p be j(1). Let z(i) = i**3 - 3*i**2 + 3*i - 1. Calculate z(p).
0
Let l(p) = -8*p + 1. Let h(y) = 15*y - 1. Let q(i) = 4*h(i) + 7*l(i). Determine q(-3).
-9
Let b(d) = 0*d**3 - 8*d**2 + 130 + 269*d + d**3 - 275*d - 142. Calculate b(9).
15
Let n be 7/(-21)*0/2. Suppose n = -5*q + 380. Let u be 19/q - 5/4. Let c(f) = -8*f - 1. Calculate c(u).
7
Suppose -18*c + 130 = -44*c. Let d(v) = 7 - v - 1 + 4*v. Determine d(c).
-9
Let v(k) be the first derivative of 7*k**3/3 + k**2 + 305. Let a(h) = -h**3 - 4*h**2 - 3*h. Let i be a(-2). Give v(i).
24
Let o(q) = 1 + 0*q**2 + q + 0*q - q**2. Let m(l) = l**2 + 4. Let j be m(-2). Suppose -x + 0*x + j = 3*z, 5*z = 10. Give o(x).
-1
Let g be 12*(-4)/(-64)*4. Let i(l) = 7*l + 1. What is i(g)?
22
Let u(f) = f + 6. Let o(y) = y**3 + y**2 - 6*y - 5. Let b be o(0). Calculate u(b).
1
Let u(d) be the third derivative of -d**5/30 - d**4/6 + d**3/3 - 2*d**2. Let p(t) = t**2 + 10*t + 17. Let s be p(-3). Give u(s).
-14
Let i = 9 - 17. Let p(x) = -x**3 - 7*x**2 + 10*x + 7. What is p(i)?
-9
Let z(s) = 7*s - 6. Let k(t) = t + 1. Let h(m) = 5*m + 5. Let i(q) = h(q) - 4*k(q). Let r(l) = -6*i(l) + z(l). What is r(5)?
-7
Let x(o) = -o - 11. Let b be 295/(-20) + (-10)/8. What is x(b)?
5
Suppose -s + 16 = 5*q, -3*q = s + 3*s - 13. Let n(x) = 7*x**2 - x**q + 6*x - 7 - 9*x + 2*x. Calculate n(7).
-14
Let c = -231 - -236. Let k(a) = -a**2 + 